Let b be o(7). Suppose 92 = r + 4*z + 20, 2*r - z - 162 = 0. What is the highest common factor of b and r?
16
Let n be 4 - 3*2/(-6). Suppose n*x - 32 = 28. Calculate the greatest common divisor of x and 36.
12
Let p(l) = -4*l - 3 + 16 + 1. Let k be p(-14). Let m be (-20)/k + 3238/14. Calculate the highest common divisor of m and 21.
21
Let p be 2144/(32/4) - 8. What is the highest common divisor of 104 and p?
52
Let j = 1427 + -1418. Let l(o) = 2*o**2 - o + 8. Suppose 0*k = z + k - 5, -4*z - 2*k + 24 = 0. Let d be l(z). What is the highest common factor of j and d?
9
Suppose 6*t - 1499 = 3013. What is the greatest common factor of 94 and t?
94
Let i be (28/(-6))/(-2 - 245/(-126)). What is the highest common divisor of 60 and i?
12
Let k be 9 + -4 + 1 + 1. Suppose 10*m - 353 = k. What is the highest common divisor of m and 6?
6
Let l = -7 + 11. Suppose 0 = l*z - z - 75. Let y = z - 13. Calculate the greatest common divisor of 8 and y.
4
Let k be (20/(-25))/(8/60). Let g be -22*(15/k + 2). Calculate the highest common factor of g and 55.
11
Suppose 5*c + 2*q + 0*q = 258, 1 = -q. What is the greatest common divisor of c and 208?
52
Let w be (6/(-4))/((-26)/1560). What is the greatest common factor of w and 36?
18
Suppose -307 = -2*i - i + 4*n, n - 422 = -4*i. What is the highest common divisor of i and 90?
15
Suppose -3*o = -2*b - 68, -15 + 95 = 5*o + 5*b. Calculate the greatest common factor of o and 540.
20
Suppose 0 = -6*w + 1568 - 968. Calculate the greatest common divisor of w and 130.
10
Suppose -20 = s + 3*u + 2*u, 0 = 5*s - 2*u + 19. Let z be (-555)/(-33) - (-2)/11. Let n = z + s. Calculate the greatest common divisor of n and 8.
4
Let q(y) = 6*y**3 + 2*y**2 - 1. Let t be q(1). Suppose 0 = -90*l + 137 - 47. What is the highest common divisor of l and t?
1
Suppose -4*c + 7 + 13 = 0. Suppose -c*u + 14 = k, 4*u + 50 = 4*k - 3*k. Calculate the greatest common factor of 374 and k.
34
Let r be -2 + 0/2 + 2. Let t = 2 + r. Let b(d) = -19*d + 290. Let y be b(15). Calculate the highest common divisor of y and t.
1
Let d = 5 - -14. Let j be (-2660)/30*(-24)/14. Calculate the highest common divisor of d and j.
19
Let r be 320/30 + -11 - 91/(-3). Calculate the highest common factor of r and 1330.
10
Suppose -105 = -5*s - 10. Let f(c) = -2*c**3 + 8*c**2 + 4*c + 4. Let m be f(6). Let y = -40 - m. What is the highest common factor of y and s?
19
Let p be (14/(-4))/(2/(-20)). Let a(y) = -2*y + 22. Let q be a(4). What is the greatest common factor of q and p?
7
Let c(q) = -6*q + 220. Let m be c(6). Calculate the greatest common factor of m and 16.
8
Let c(r) = 16*r + 1. Let k be c(5). What is the highest common factor of 3 and k?
3
Let c(o) = -o**2 - 13*o - 16. Suppose -4*x + k = 6*k + 11, -5*x + 2*k - 55 = 0. Let z be c(x). What is the greatest common factor of z and 50?
10
Let z be 1 + 1 - (-8 + -2). Let w = -5100 - -5106. Calculate the highest common divisor of z and w.
6
Suppose 0*a = -5*a. Suppose a = 6*v - 266 + 74. What is the greatest common factor of v and 80?
16
Let a be 0/(3 - 0) + 4. Suppose -z - a*z + 4*j - 3 = 0, -2*z - 2*j = -6. What is the highest common divisor of 11 and z?
1
Let r(l) = -l - 5. Let s be r(-8). Suppose 0 = s*f - 0*f - 9. Suppose -f*o - 15 = -6*o. Calculate the greatest common factor of 25 and o.
5
Let i = 7 + 5. Calculate the greatest common divisor of 108 and i.
12
Suppose -14*m = -19*m + 585. What is the greatest common factor of m and 13?
13
Let d(u) = u + 15. Let y be d(19). Let z = -27 + y. Suppose x - 196 = -3*x. What is the highest common factor of x and z?
7
Let w = 75 + -21. Let g = w + -37. What is the greatest common divisor of g and 119?
17
Let t = -10 + -18. Let g be 1*(-18)/4*t/21. Calculate the greatest common factor of 2 and g.
2
Suppose 3*a = 9, r + a - 23 - 35 = 0. Suppose 2*s + 10 = 0, 2*h - 50 = -2*s + 6. Suppose 0 = -2*k - k + h. What is the greatest common divisor of r and k?
11
Let x be -3 - -5 - -1*6/(-3). Suppose x = -n + 146 - 137. What is the greatest common divisor of 99 and n?
9
Suppose 0*h = -3*g - h + 261, 15 = -5*h. What is the greatest common factor of 44 and g?
44
Suppose -6*c = 12*c - 1026. What is the greatest common divisor of c and 19?
19
Let g(a) = 4*a**2 - 5*a + 8. Let s be g(2). What is the greatest common factor of 294 and s?
14
Let z = -26 - -28. Suppose 5*c - 68 = -z*v, -4*c = c + 4*v - 66. What is the highest common factor of c and 28?
14
Suppose -4*k + 118 = 34. What is the greatest common factor of k and 161?
7
Let l = -10 - -16. Suppose 5*d + 186 = -174. Let f be (d/90)/(4/(-10)). What is the greatest common divisor of l and f?
2
Let c(m) = 2*m**2 - 9*m - 211. Let f be c(14). What is the highest common factor of 77 and f?
11
Suppose 34 = 144*i - 4862. Let x = 28 + 57. Calculate the highest common factor of x and i.
17
Suppose -197 - 13 = -2*m. Let a = -25 + m. What is the greatest common factor of a and 20?
20
Suppose 0 = 3*r - 3*p - 105, -4*r + 91 + 37 = -p. What is the highest common factor of r and 899?
31
Let h = -421 - -446. What is the highest common divisor of 400 and h?
25
Let x = -487 + 521. Suppose 2*s - 96 = -2*s. Suppose -4*i + 44 = -s. What is the greatest common factor of i and x?
17
Suppose 9*n + 20 - 1055 = 0. What is the highest common factor of n and 69?
23
Let q(f) = f**3 - 5*f**2 - 7*f - 3. Let n be q(6). Let k = -7 - n. Suppose 0*m = k*m - 26. Calculate the highest common factor of m and 117.
13
Suppose -2*g - 75 = -3*g. Let f be (-888)/(-18) - (-2 + (-8)/(-6)). What is the greatest common factor of g and f?
25
Let h(m) = m + 1. Let y be h(9). Let c(g) = g**3 - 9*g**2 - 7*g - 11. Let r be c(y). What is the greatest common factor of r and 95?
19
Let z(k) = 17*k**2 - 16*k - 39. Let a be z(-7). Calculate the greatest common divisor of a and 6.
6
Let q = 65 + -24. Suppose 4*p - 2296 = -52*p. Calculate the greatest common divisor of p and q.
41
Suppose 4*a = -5*n - 1 + 20, -a + 1 = 0. Let o be (1 - 1)*3/(-6). Suppose o = -0*c - 4*c + 12. What is the greatest common factor of n and c?
3
Let f be ((-2653)/49 + -3)/((-14)/49). Calculate the greatest common factor of f and 650.
50
Suppose -5*n + 648 = 3*n. Suppose 3*f + 103 - 265 = 0. What is the greatest common factor of n and f?
27
Let n(b) = b**3 + 8*b**2 - 13*b - 5. Let u be n(3). What is the highest common factor of 220 and u?
55
Let q be ((-7)/3)/(-2 - (-355)/180). Calculate the greatest common factor of q and 63.
21
Suppose 3*o + 110 = -8*o. Let w = o - -35. Calculate the highest common factor of 10 and w.
5
Let q be (-1 - -4) + 1 + -9. Let p(d) = 9*d**2 - 5*d - 5. Let y be p(q). What is the highest common divisor of y and 35?
35
Let n(f) = f**2 + 11*f + 24. Let q be n(-16). What is the highest common divisor of 962 and q?
26
Suppose -6*l = -l - 10. Let x(z) = 36*z - 56. Let u be x(2). Calculate the highest common divisor of u and l.
2
Let n = 5 + -2. Suppose 6 = -3*q + n. Let z be q + -3 + 0 + 52. What is the greatest common factor of z and 120?
24
Let x(p) = 4*p**2 - 6*p + 1. Let g be x(2). Suppose 5*b = -g*b + 800. What is the highest common divisor of b and 10?
10
Let a be (4 - 1) + 7 + 201. Suppose -70 + 600 = -5*h. Let l = a + h. Calculate the highest common factor of 21 and l.
21
Let z be 2/(-8) - 5/(-4). Let s = 24 - z. What is the greatest common divisor of s and 23?
23
Let h be ((-2)/3)/((-3)/135). Let d(f) = -6*f**2 - 239*f - 105. Let v be d(-39). Calculate the greatest common factor of h and v.
30
Suppose 4*n - 4 = t, -t + 2*n = -n + 2. Suppose 15 + 1 = t*x. Let b be 4*(1 + 1) - -2. What is the greatest common divisor of x and b?
2
Suppose s = -k + 220, -3*k + k - 4*s + 436 = 0. What is the highest common divisor of 111 and k?
111
Let x = 117 + -73. Let p be 1/(3 - (-356)/(-120)). Let v be ((-6)/(-4))/(p/80). Calculate the highest common divisor of v and x.
4
Let t(v) = v**2 - v - 64. Let n be t(0). Let m = -20 - n. Calculate the greatest common factor of m and 4.
4
Let t = 107 - 103. Suppose 4*i = -0*n + 2*n + 10, 5*n = t*i - 1. Calculate the greatest common divisor of 15 and n.
3
Let m = 37 + -15. Suppose 4*o - m = -j, 0*o + 5*j = o - 16. Let w be (o/(-8))/(6/(-240)). What is the highest common factor of 15 and w?
15
Let g be (-440)/(-24) - 1/3. Let y = -4 + 11. Let r = 20 + y. Calculate 